751 a composite number?
False
Is 697019 a composite number?
False
Is 26587 composite?
True
Is 548257 a prime number?
False
Is 29231 prime?
True
Is 112543 prime?
True
Is 225265 a prime number?
False
Is 74427 composite?
True
Is 314 prime?
False
Is 218923 composite?
False
Is 194537 composite?
True
Is 477673 prime?
False
Is 191527 prime?
False
Is 21347 prime?
True
Is 1979 a composite number?
False
Is 13541 a composite number?
True
Is 426559 composite?
True
Is 466597 prime?
False
Is 2566 prime?
False
Is 1932981 composite?
True
Is 16658 a composite number?
True
Is 24403 prime?
False
Is 1007281 a composite number?
True
Is 937723 composite?
True
Is 4369 a prime number?
False
Is 30599 a prime number?
False
Is 626 a prime number?
False
Is 33433 composite?
True
Is 380731 a prime number?
False
Is 5737 a prime number?
True
Is 9587 a prime number?
True
Is 30538 prime?
False
Is 2631 prime?
False
Is 6090509 composite?
True
Is 469009 a prime number?
True
Is 157537 prime?
False
Is 180907 a composite number?
False
Is 1087 a prime number?
True
Is 27623 prime?
False
Is 13159 a composite number?
False
Is 697 composite?
True
Is 26959 composite?
False
Is 679153 a composite number?
False
Is 2157 composite?
True
Is 50459 composite?
False
Is 24689 composite?
True
Is 68633 a composite number?
False
Is 20074 prime?
False
Is 21137 a composite number?
True
Is 82991 a prime number?
False
Is 1620391 composite?
False
Is 218873 a composite number?
False
Is 5563 a prime number?
True
Is 977 a composite number?
False
Is 244529 composite?
False
Is 1501387 a composite number?
True
Is 17939 a prime number?
True
Is 1108169 a composite number?
False
Is 31883 a prime number?
True
Is 9841 composite?
True
Is 3319 prime?
True
Is 9743 prime?
True
Is 62531 prime?
False
Is 42337 a prime number?
True
Is 1319 composite?
False
Is 23531 prime?
True
Is 19571 composite?
False
Is 2309 prime?
True
Is 1452827 prime?
True
Is 31307 prime?
True
Is 101393 a composite number?
True
Is 33791 a prime number?
True
Is 38543 a composite number?
False
Is 28777 a composite number?
True
Is 4101 a prime number?
False
Is 187213 prime?
False
Is 1227491 a prime number?
True
Is 4547 prime?
True
Is 691177 a composite number?
True
Is 115307 prime?
False
Is 461647 composite?
True
Is 204933 a prime number?
False
Is 171517 composite?
False
Is 443 a prime number?
True
Is 531281 composite?
False
Is 132442 prime?
False
Is 14059 a composite number?
True
Is 3527 composite?
False
Is 12953 composite?
False
Is 382951 composite?
True
Is 1064803 prime?
False
Is 16979 composite?
False
Is 28511 a prime number?
False
Is 23221 prime?
False
Is 3419 prime?
False
Is 80897 a composite number?
False
Is 287383 composite?
False
Is 289059 a prime number?
False
Is 23413 composite?
True
Is 497831 a composite number?
False
Is 77921 prime?
False
Is 60031 a prime number?
False
Is 3981 composite?
True
Is 10315 a composite number?
True
Is 376351 prime?
True
Is 1477 a composite number?
True
Is 179969 prime?
True
Is 82151 a prime number?
False
Is 14594 prime?
False
Is 13291 a composite number?
False
Is 118163 prime?
True
Is 32647 prime?
True
Is 548309 composite?
False
Is 2204483 a composite number?
False
Is 1003507 a prime number?
True
Is 10367 a composite number?
True
Is 2863 a prime number?
False
Is 31817 composite?
False
Is 1671961 a composite number?
False
Is 1320533 a composite number?
False
Is 168874 a composite number?
True
Is 257746 a composite number?
True
Is 13001 composite?
False
Is 222603 prime?
False
Is 2887 prime?
True
Is 58963 prime?
True
Is 959199 a composite number?
True
Is 627773 a prime number?
True
Is 75529 a composite number?
True
Is 96569 prime?
False
Is 17785 a prime number?
False
Is 452269 a prime number?
True
Is 146639 a prime number?
True
Is 60077 a composite number?
False
Is 21869 prime?
False
Is 16349 composite?
False
Is 1711601 prime?
False
Is 172999 a composite number?
False
Is 12047 a prime number?
False
Is 4574 a composite number?
True
Is 7057 a composite number?
False
Is 6385 prime?
False
Is 14743 a prime number?
False
Is 36151 a prime number?
True
Is 91747 a composite number?
True
Is 103691 a composite number?
True
Is 15557 a prime number?
False
Is 31643 a composite number?
False
Is 27239 a prime number?
True
Is 198361 a prime number?
False
Is 226833 a prime number?
False
Is 40423 a composite number?
False
Is 2581 a prime number?
False
Is 30029 composite?
False
Is 116953 a prime number?
True
Is 1657 a prime number?
True
Is 10823 prime?
False
Is 470179 prime?
True
Is 6131 prime?
True
Is 1647097 a composite number?
False
Is 650851 prime?
True
Is 189443 a prime number?
False
Is 23813 a composite number?
False
Is 647758 a composite number?
True
Is 108631 a prime number?
True
Is 117497 composite?
False
Is 79643 a prime number?
False
Is 36241 a composite number?
False
Is 41765 a prime number?
False
Is 727327 composite?
False
Is 88741 a prime number?
True
Is 68879 a composite number?
False
Is 30677 a composite number?
False
Is 119539 a composite number?
True
Is 3847 a prime number?
True
Is 4481 a composite number?
False
Is 6353709 prime?
False
Is 33911 a prime number?
True
Is 100129 a composite number?
False
Is 24001 prime?
True
Is 4162 prime?
False
Is 43087 prime?
False
Is 130681 a composite number?
False
Is 997453 composite?
False
Is 153167 a prime number?
False
Is 2819 composite?
False
Is 47629 composite?
False
Is 10727 prime?
False
Is 817043 a composite number?
True
Is 397151 a composite number?
False
Is 34406 prime?
False
Is 35051 a prime number?
True
Is 2053 composite?
False
Is 140863 prime?
True
Is 1356793 prime?
False
Is 411 prime?
False
Is 8743 a composite number?
True
Is 57173 composite?
False
Is 29261 a prime number?
False
Is 279843 prime?
False
Is 209215 a composite number?
True
Is 145861 a prime number?
True
Is 56983 a composite number?
False
Is 286279 prime?
False
Is 11549 a prime number?
True
Is 481561 a prime number?
False
Is 63445 prime?
False
Is 3635 prime?
False
Is 86803 composite?
True
Is 57413 a composite number?
False
Is 437191 prime?
True
Is 142939 a prime number?
True
Is 41813 a prime number?
True
Is 35414 prime?
False
Is 158003 a composite number?
False
Is 30449 a composite number?
False
Is 537659 a prime number?
False
Is 37274 a prime number?
False
Is 514765 prime?
False
Is 18839 prime?
True
Is 648359 a prime number?
False
Is 673 prime?
True
Is 25621 prime?
True
Is 48299 prime?
True
Is 9509 composite?
True
Is 1271 prime?
False
Is 16183 a prime number?
True
Is 502 a prime number?
False
Is 128897 a prime number?
False
Is 3575413 a composite number?
False
Is 5723 composite?
True
Is 3781 composite?
True
Is 61563 composite?
True
Is 38585 a composite number?
True
Is 2183 prime?
False
Is 21881 prime?
True
Is 17519 prime?
True
Is 287669 a prime number?
True
Is 44411 a prime number?
False
Is 21701 prime?
True
Is 137779 a prime number?
False
Is 4547 prime?
True
Is 21647 a prime number?
True
Is 399746 a prime number?
False
Is 248509 prime?
True
Is 382535 composite?
True
Is 64553 a composite number?
False
Is 14293 composite?
False
Is 233053 a composite number?
True
Is 5339 prime?
False
Is 346971 composite?
True
Is 72323 a prime number?
False
Is 81167 a composite number?
True
Is 75239 prime?
True
Is 188285 prime?
False
Is 982687 prime?
True
Is 50143 composite?
True
Is 113534 composite?
True
Is 75011 composite?
False
Is 10687 a prime number?
True
Is 87 prime?
False
Is 1471 composite?
False
Is 56521 composite?
True
Is 34273 a prime number?
True
Is 15959 a prime number?
True
Is 44839 a composite number?
False
Is 75149 a prime number?
True
Is 2813 a prime number?
False
Is 48427 composite?
True
Is 237977 a composite number?
False
Is 260263 a prime number?
True
Is 13987 prime?
False
Is 3935 prime?
False
Is 101561 a composite number?
False
Is 53209 a composite number?
True
Is 533983 prime?
False
Is 1578493 a composite number?
True
Is 149893 prime?
True
Is 72019 prime?
True
Is 96467 a composite number?
True
Is 28442 composite?
True
Is 18087 a composite number?
True
Is 81319 a prime number?
False
Is 29717 prime?
True
Is 18719 prime?
True
Is 44041 prime?
True
Is 1907 a composite number?
False
Is 22567 prime?
True
Is 15049 a composite number?
True
Is 23683 a prime number?
False
Is 1691 prime?
False
Is 20201 prime?
True
Is